{"id":25,"date":"2016-06-29T07:48:45","date_gmt":"2016-06-29T07:48:45","guid":{"rendered":"http:\/\/www.cuadrabus.com\/?page_id=25"},"modified":"2016-08-16T04:50:36","modified_gmt":"2016-08-16T04:50:36","slug":"responsabilidad-social","status":"publish","type":"page","link":"http:\/\/www.cuadrabus.com\/eu\/responsabilidad-social\/","title":{"rendered":"Gizarte Erantzukizuna"},"content":{"rendered":"<h1 class=\"page-title\"><span>Nos movemos por dentro<\/span><\/h1>\n<p><strong>En Cuadrabus trabajamos con el objetivo de contribuir a mejorar nuestro entorno social, econ\u00f3mico y medioambiental. Somos una empresa que desde hace a\u00f1os desarrolla su actividad bajo las claves de la RSC. Nuestros clientes, colaboradores, administraci\u00f3n, agentes del sector y comunidades locales vinculadas a Cuadrabus tienen la absoluta garant\u00eda y compromiso \u00e9tico en todas nuestras acciones.<\/strong><\/p>\n<div style=\"display:block;clear:both;margin-bottom:45px\"><\/div>\n<p><strong style=\"color:#3274ba;\">Obtenemos la certificaci\u00f3n de Responsabilidad Social Corporativa del programa Xertatu-ADI<\/strong><\/p>\n<p><strong>La Diputaci\u00f3n Foral de Bizkaia reconoce la realizaci\u00f3n de implantaci\u00f3n del programa de Responsabilidad Social en CuadraBus con la certificaci\u00f3n de <u>Xertatu-ADI<\/u>, metodolog\u00eda de diagn\u00f3stico y mejora continua en Responsabilidad Social Empresarial de la Diputaci\u00f3n Foral de Bizkaia.<\/strong><\/p>\n<p>La finalidad principal que logramos con la certificaci\u00f3n es integrar esta metodolog\u00eda en la gesti\u00f3n de la empresa e incorporar los objetivos e indicadores espec\u00edficos en materia de Responsabilidad Social en varios puntos de actuaci\u00f3n:<\/p>\n<ul>\n<li>Oportunidad de innovaci\u00f3n, mejora y cambio ante nuevas exigencias.<\/li>\n<li>Exhaustividad: La RSE abarca al conjunto de la empresa.<\/li>\n<li>Relaci\u00f3n con nuestros Grupos de Inter\u00e9s: transparencia, participaci\u00f3n, respuesta a sus expectativas.<\/li>\n<\/ul>\n<div style=\"display:block;clear:both;margin-bottom:45px\"><\/div>\n<p><strong style=\"color:#3274ba;\">CuadraBus recibe el Diploma PREMIE otorgado por la Diputaci\u00f3n de Bizkaia para la mejora de la gesti\u00f3n empresarial<\/strong><\/p>\n<p><strong>Este reconocimiento se entrega a las compa\u00f1\u00edas que trabajamos para mejorar la gesti\u00f3n y avanzar hacia el modelo de excelencia europeo <u>EFQM (Fundaci\u00f3n Europea para la Gesti\u00f3n de la Calidad)<\/u>. Esto significa que en CuadraBus trabajamos para:<\/strong><\/p>\n<ul>\n<li>Mejorar el d\u00eda a d\u00eda en relaci\u00f3n a nuestros clientes y proveedores<\/li>\n<li>Que la relaci\u00f3n con ellos sea m\u00e1s cercana y directa<\/li>\n<li>Que la toma de decisiones en CuadraBus sea menos jer\u00e1rquica y tenga en cuenta en todos los procesos la voz de nuestro equipo.<\/li>\n<\/ul>\n<p>El programa Premie, es un programa del departamento de Promoci\u00f3n Econ\u00f3mica de la Diputaci\u00f3n Foral de Bizkaia dise\u00f1o para peque\u00f1as y medianas empresas. Y se basa en la implantaci\u00f3n de un sistema y unas herramientas que contribuyen a la gesti\u00f3n eficaz de la empresa, auditables y verificables externamente.<\/p>\n<div style=\"display:block;clear:both;margin-bottom:45px\"><\/div>\n<p><strong style=\"color:#3274ba;\">Colaboraci\u00f3n activa con ASAFES desde hace 5 a\u00f1os<\/strong><\/p>\n<p><strong>Participamos con <u>ASAFES<\/u>, Asociaci\u00f3n Alavesa de Familiares y personas con Enfermedad Mental, en el programa PILA, que consiste en un programa de Inserci\u00f3n Laboral con Apoyo<\/strong>. El equipo de Recursos Humanos de nuestra organizaci\u00f3n cuenta desde hace 5 a\u00f1os con el trabajo y dedicaci\u00f3n de una persona procedente de este plan.<\/p>\n<p>Durante la relaci\u00f3n con <u>ASAFES<\/u>, CuadraBus ha recibido galardones a favor de su colaboraci\u00f3n en la inserci\u00f3n laboral, tal como el recibido en 2008 a la &#8220;Empresa Colaboradora&#8221;.<\/p>\n<div style=\"display:block;clear:both;margin-bottom:45px\"><\/div>\n<p><strong style=\"color:#3274ba;\">Creamos empleo con COCEMFE<\/strong><\/p>\n<p><strong>Desde el a\u00f1o 2007 colaboramos activamente con <u>COCEMFE<\/u>, la Confederaci\u00f3n de Personas con Discapacidad F\u00edsica y Org\u00e1nica con el programa de integraci\u00f3n laboral de esta federaci\u00f3n en Bizkaia.<\/strong><\/p>\n<p><u>COCEMFE<\/u> aglutina, fortalece, forma y coordina los esfuerzos y actividades de las diferentes entidades y empresas que trabajan a favor de las personas con discapacidad f\u00edsica y org\u00e1nica para defender sus derechos y mejorar su calidad de vida. En los \u00faltimos dos a\u00f1os se han incorporado a nuestra organizaci\u00f3n ocho personas con distintas discapacidades.<\/p>\n<div style=\"display:block;clear:both;margin-bottom:45px\"><\/div>\n<p><strong style=\"color:#3274ba;\">Organizaci\u00f3n en galas ben\u00e9ficas internacionales en 2010<\/strong><\/p>\n<p><strong>En septiembre de 2010 colaboramos con la celebraci\u00f3n de una Gala Ben\u00e9fica en el Palacio Euskalduna de Bilbao a favor de la investigaci\u00f3n organizada por <u>AFA<\/u><\/strong>, Asociaci\u00f3n de Familiares de Enfermos de Alzheimer de Bizkaia, a trav\u00e9s de la aportaci\u00f3n econ\u00f3mica de la fila 0.<\/p>\n<div style=\"display:block;clear:both;margin-bottom:45px\"><\/div>\n<p><strong style=\"color:#3274ba;\">Apoyamos nuestro deporte local<\/strong><\/p>\n<p><strong>Desde hace m\u00e1s de 20 a\u00f1os colaboramos con <u>Amurrio Club de F\u00fatbol<\/u><\/strong> con diversas aportaciones econ\u00f3micas para el mantenimiento del club, siendo durante a\u00f1os la organizaci\u00f3n que abandero la equipaci\u00f3n del club.<\/p>\n<p><strong>Patrocinamos las diversas actividades, excursiones y traves\u00edas que, anualmente, realiza el <u>Club de Monta\u00f1a Goikogane<\/u> de Llodio.<\/strong> Y tambi\u00e9n colaboramos con el patrocinio de gran parte de las carreras que organizan el Club Ciclista Malato de Luyando y el <u>Club de Ciclismo Amurrio<\/u>.<\/p>\n<p><strong>Adem\u00e1s, durante el mes de julio de 2010 colaboramos econ\u00f3micamente con FEKOOR, Federaci\u00f3n Coordinadora de Personas con Discapacidad de Bizkaia, en el Comit\u00e9 Organizador del 1er. Open Internacional Bilbao Derio de Tenis de Mesa Adaptado.<\/strong><\/p>\n<p>Recibiendo incluso una menci\u00f3n de agradecimiento por parte de la organizaci\u00f3n a nuestra labor &#8220;Quiero agradecer expresamente el patrocinio que CuadraBus ha llevado a cabo en este importante evento internacional y su decidida apuesta una vez m\u00e1s por el fen\u00f3meno de la discapacidad en general y, en esta ocasi\u00f3n, con el deporte adaptado en particular&#8221;.<\/p>\n<p><strong>Si perteneces a alguna organizaci\u00f3n y quieres que desarrollemos conjuntamente alg\u00fan proyecto, <u>ponte en contacto aqu\u00ed<\/u>.<\/strong><\/p>\n<div style=\"display:block;clear:both;margin-bottom:45px\"><\/div>\n<p><strong style=\"color:#3274ba;\">Un \u00e1rbol, nuestro futuro<\/strong><\/p>\n<p><strong>Replantamos \u00e1rboles aut\u00f3ctonos, compensando a nuestro entorno y correponsabiliz\u00e1ndonos.<\/strong>","protected":false},"excerpt":{"rendered":"<p>Nos movemos por dentro En Cuadrabus trabajamos con el objetivo de contribuir a mejorar nuestro entorno social, econ\u00f3mico y medioambiental. Somos una empresa que desde hace a\u00f1os desarrolla su actividad&#8230;<\/p>\n","protected":false},"author":1,"featured_media":26,"parent":0,"menu_order":0,"comment_status":"closed","ping_status":"closed","template":"","meta":{"footnotes":""},"class_list":["post-25","page","type-page","status-publish","has-post-thumbnail","hentry"],"_links":{"self":[{"href":"http:\/\/www.cuadrabus.com\/eu\/wp-json\/wp\/v2\/pages\/25","targetHints":{"allow":["GET"]}}],"collection":[{"href":"http:\/\/www.cuadrabus.com\/eu\/wp-json\/wp\/v2\/pages"}],"about":[{"href":"http:\/\/www.cuadrabus.com\/eu\/wp-json\/wp\/v2\/types\/page"}],"author":[{"embeddable":true,"href":"http:\/\/www.cuadrabus.com\/eu\/wp-json\/wp\/v2\/users\/1"}],"replies":[{"embeddable":true,"href":"http:\/\/www.cuadrabus.com\/eu\/wp-json\/wp\/v2\/comments?post=25"}],"version-history":[{"count":9,"href":"http:\/\/www.cuadrabus.com\/eu\/wp-json\/wp\/v2\/pages\/25\/revisions"}],"predecessor-version":[{"id":547,"href":"http:\/\/www.cuadrabus.com\/eu\/wp-json\/wp\/v2\/pages\/25\/revisions\/547"}],"wp:featuredmedia":[{"embeddable":true,"href":"http:\/\/www.cuadrabus.com\/eu\/wp-json\/wp\/v2\/media\/26"}],"wp:attachment":[{"href":"http:\/\/www.cuadrabus.com\/eu\/wp-json\/wp\/v2\/media?parent=25"}],"curies":[{"name":"wp","href":"https:\/\/api.w.org\/{rel}","templated":true}]}}

<h1 class="page-title"><span>Nos movemos por dentro</span></h1>
<p><strong>En Cuadrabus trabajamos con el objetivo de contribuir a mejorar nuestro entorno social, económico y medioambiental. Somos una empresa que desde hace años desarrolla su actividad bajo las claves de la RSC. Nuestros clientes, colaboradores, administración, agentes del sector y comunidades locales vinculadas a Cuadrabus tienen la absoluta garantía y compromiso ético en todas nuestras acciones.</strong></p>
<div style="display:block;clear:both;margin-bottom:45px"></div>
<p><strong style="color:#3274ba;">Obtenemos la certificación de Responsabilidad Social Corporativa del programa Xertatu-ADI</strong></p>
<p><strong>La Diputación Foral de Bizkaia reconoce la realización de implantación del programa de Responsabilidad Social en CuadraBus con la certificación de <u>Xertatu-ADI</u>, metodología de diagnóstico y mejora continua en Responsabilidad Social Empresarial de la Diputación Foral de Bizkaia.</strong></p>
<p>La finalidad principal que logramos con la certificación es integrar esta metodología en la gestión de la empresa e incorporar los objetivos e indicadores específicos en materia de Responsabilidad Social en varios puntos de actuación:</p>
<ul>
<li>Oportunidad de innovación, mejora y cambio ante nuevas exigencias.</li>
<li>Exhaustividad: La RSE abarca al conjunto de la empresa.</li>
<li>Relación con nuestros Grupos de Interés: transparencia, participación, respuesta a sus expectativas.</li>
</ul>
<div style="display:block;clear:both;margin-bottom:45px"></div>
<p><strong style="color:#3274ba;">CuadraBus recibe el Diploma PREMIE otorgado por la Diputación de Bizkaia para la mejora de la gestión empresarial</strong></p>
<p><strong>Este reconocimiento se entrega a las compañías que trabajamos para mejorar la gestión y avanzar hacia el modelo de excelencia europeo <u>EFQM (Fundación Europea para la Gestión de la Calidad)</u>. Esto significa que en CuadraBus trabajamos para:</strong></p>
<ul>
<li>Mejorar el día a día en relación a nuestros clientes y proveedores</li>
<li>Que la relación con ellos sea más cercana y directa</li>
<li>Que la toma de decisiones en CuadraBus sea menos jerárquica y tenga en cuenta en todos los procesos la voz de nuestro equipo.</li>
</ul>
<p>El programa Premie, es un programa del departamento de Promoción Económica de la Diputación Foral de Bizkaia diseño para pequeñas y medianas empresas. Y se basa en la implantación de un sistema y unas herramientas que contribuyen a la gestión eficaz de la empresa, auditables y verificables externamente.</p>
<div style="display:block;clear:both;margin-bottom:45px"></div>
<p><strong style="color:#3274ba;">Colaboración activa con ASAFES desde hace 5 años</strong></p>
<p><strong>Participamos con <u>ASAFES</u>, Asociación Alavesa de Familiares y personas con Enfermedad Mental, en el programa PILA, que consiste en un programa de Inserción Laboral con Apoyo</strong>. El equipo de Recursos Humanos de nuestra organización cuenta desde hace 5 años con el trabajo y dedicación de una persona procedente de este plan.</p>
<p>Durante la relación con <u>ASAFES</u>, CuadraBus ha recibido galardones a favor de su colaboración en la inserción laboral, tal como el recibido en 2008 a la &#8220;Empresa Colaboradora&#8221;.</p>
<div style="display:block;clear:both;margin-bottom:45px"></div>
<p><strong style="color:#3274ba;">Creamos empleo con COCEMFE</strong></p>
<p><strong>Desde el año 2007 colaboramos activamente con <u>COCEMFE</u>, la Confederación de Personas con Discapacidad Física y Orgánica con el programa de integración laboral de esta federación en Bizkaia.</strong></p>
<p><u>COCEMFE</u> aglutina, fortalece, forma y coordina los esfuerzos y actividades de las diferentes entidades y empresas que trabajan a favor de las personas con discapacidad física y orgánica para defender sus derechos y mejorar su calidad de vida. En los últimos dos años se han incorporado a nuestra organización ocho personas con distintas discapacidades.</p>
<div style="display:block;clear:both;margin-bottom:45px"></div>
<p><strong style="color:#3274ba;">Organización en galas benéficas internacionales en 2010</strong></p>
<p><strong>En septiembre de 2010 colaboramos con la celebración de una Gala Benéfica en el Palacio Euskalduna de Bilbao a favor de la investigación organizada por <u>AFA</u></strong>, Asociación de Familiares de Enfermos de Alzheimer de Bizkaia, a través de la aportación económica de la fila 0.</p>
<div style="display:block;clear:both;margin-bottom:45px"></div>
<p><strong style="color:#3274ba;">Apoyamos nuestro deporte local</strong></p>
<p><strong>Desde hace más de 20 años colaboramos con <u>Amurrio Club de Fútbol</u></strong> con diversas aportaciones económicas para el mantenimiento del club, siendo durante años la organización que abandero la equipación del club.</p>
<p><strong>Patrocinamos las diversas actividades, excursiones y travesías que, anualmente, realiza el <u>Club de Montaña Goikogane</u> de Llodio.</strong> Y también colaboramos con el patrocinio de gran parte de las carreras que organizan el Club Ciclista Malato de Luyando y el <u>Club de Ciclismo Amurrio</u>.</p>
<p><strong>Además, durante el mes de julio de 2010 colaboramos económicamente con FEKOOR, Federación Coordinadora de Personas con Discapacidad de Bizkaia, en el Comité Organizador del 1er. Open Internacional Bilbao Derio de Tenis de Mesa Adaptado.</strong></p>
<p>Recibiendo incluso una mención de agradecimiento por parte de la organización a nuestra labor &#8220;Quiero agradecer expresamente el patrocinio que CuadraBus ha llevado a cabo en este importante evento internacional y su decidida apuesta una vez más por el fenómeno de la discapacidad en general y, en esta ocasión, con el deporte adaptado en particular&#8221;.</p>
<p><strong>Si perteneces a alguna organización y quieres que desarrollemos conjuntamente algún proyecto, <u>ponte en contacto aquí</u>.</strong></p>
<div style="display:block;clear:both;margin-bottom:45px"></div>
<p><strong style="color:#3274ba;">Un árbol, nuestro futuro</strong></p>
<p><strong>Replantamos árboles autóctonos, compensando a nuestro entorno y correponsabilizándonos.</strong>

<p>Nos movemos por dentro En Cuadrabus trabajamos con el objetivo de contribuir a mejorar nuestro entorno social, económico y medioambiental. Somos una empresa que desde hace años desarrolla su actividad&#8230;</p>
