{"id":19,"date":"2016-06-29T07:47:09","date_gmt":"2016-06-29T07:47:09","guid":{"rendered":"http:\/\/www.cuadrabus.com\/?page_id=19"},"modified":"2016-11-29T21:38:07","modified_gmt":"2016-11-29T20:38:07","slug":"flota-de-vehiculos","status":"publish","type":"page","link":"http:\/\/www.cuadrabus.com\/eu\/flota-de-vehiculos\/","title":{"rendered":"Ibilgailu-flota"},"content":{"rendered":"<h1 class=\"page-title\"><span>Una moderna flota de veh\u00edculos<\/span><\/h1>\n<p><strong>Somos especialistas en la gesti\u00f3n completa de grandes eventos, coordinaci\u00f3n y personal auxiliar en transportes por carretera. Adem\u00e1s, nuestra flota de autobuses est\u00e1 adaptada para el traslado de personas con movilidad reducida. Una parte muy importante de nuestro servicio son los veh\u00edculos que disponemos para poder garantizar dos principios b\u00e1sicos de nuestra empresa, seguridad y comodidad en el transporte de viajeros.<\/strong><\/p>\n<div style=\"display:block;clear:both;margin-bottom:45px\"><\/div>\n<p><img decoding=\"async\" src=\"http:\/\/www.cuadrabus.com\/wp-content\/uploads\/2016\/06\/slide.png\" alt=\"slide\" width=\"50\" class=\"aligncenter size-full wp-image-156\" \/><br \/>\n<strong style=\"color:#3274ba\">Una completa flota adaptada<\/strong><\/p>\n<p><strong>Nuestra sede en Amurrio (\u00c1lava) y las naves en Vitoria-Gasteiz, Etxebarri, Llodio y Agurain-Salvatierra aglutinan nuestra amplia flota de veh\u00edculos que prestan servicio.<\/strong><\/p>\n<p>Componiendo una flota, en su mayor\u00eda veh\u00edculos adaptados para personas de movilidad reducida, desde 7 a 60 plazas, en servicios regulares, y hasta 116 plazas en los autobuses urbanos que ofrecen servicio de lanzadera.<\/p>\n<div style=\"display:block;clear:both;margin-bottom:45px\"><\/div>\n<p><img decoding=\"async\" src=\"http:\/\/www.cuadrabus.com\/wp-content\/uploads\/2016\/06\/bus.png\" alt=\"bus\" width=\"55\" class=\"aligncenter size-full wp-image-138\" \/><br \/>\n<strong style=\"color:#3274ba\">Modelos y renovaci\u00f3n constante<\/strong><\/p>\n<p>La mayor\u00eda de nuestros autobuses y minibuses son de la marca Scania y Mercedes con carrocer\u00eda de Irizar y Sunsundegui principalmente, y en el caso de los veh\u00edculos peque\u00f1os con carrocer\u00eda de Unvi y Carbus.<\/p>\n<div style=\"display:block;clear:both;margin-bottom:45px\"><\/div>\n<p><img decoding=\"async\" src=\"http:\/\/www.cuadrabus.com\/wp-content\/uploads\/2016\/06\/seatbelt.png\" alt=\"seatbelt\" width=\"72\" class=\"aligncenter size-full wp-image-139\" \/><br \/>\n<strong style=\"color:#3274ba\">Un equipamiento que asegura la comodidad y seguridad<\/strong><\/p>\n<p>Todos nuestros veh\u00edculos disponen de aire acondicionado o climatizador, butaca reclinable, sistemas anti-vuelco, cinturones de seguridad individuales, v\u00eddeo o DVD, megafon\u00eda, tel\u00e9fono m\u00f3vil.","protected":false},"excerpt":{"rendered":"<p>Una moderna flota de veh\u00edculos Somos especialistas en la gesti\u00f3n completa de grandes eventos, coordinaci\u00f3n y personal auxiliar en transportes por carretera. Adem\u00e1s, nuestra flota de autobuses est\u00e1 adaptada para&#8230;<\/p>\n","protected":false},"author":1,"featured_media":551,"parent":0,"menu_order":0,"comment_status":"closed","ping_status":"closed","template":"","meta":{"footnotes":""},"class_list":["post-19","page","type-page","status-publish","has-post-thumbnail","hentry"],"_links":{"self":[{"href":"http:\/\/www.cuadrabus.com\/eu\/wp-json\/wp\/v2\/pages\/19","targetHints":{"allow":["GET"]}}],"collection":[{"href":"http:\/\/www.cuadrabus.com\/eu\/wp-json\/wp\/v2\/pages"}],"about":[{"href":"http:\/\/www.cuadrabus.com\/eu\/wp-json\/wp\/v2\/types\/page"}],"author":[{"embeddable":true,"href":"http:\/\/www.cuadrabus.com\/eu\/wp-json\/wp\/v2\/users\/1"}],"replies":[{"embeddable":true,"href":"http:\/\/www.cuadrabus.com\/eu\/wp-json\/wp\/v2\/comments?post=19"}],"version-history":[{"count":6,"href":"http:\/\/www.cuadrabus.com\/eu\/wp-json\/wp\/v2\/pages\/19\/revisions"}],"predecessor-version":[{"id":507,"href":"http:\/\/www.cuadrabus.com\/eu\/wp-json\/wp\/v2\/pages\/19\/revisions\/507"}],"wp:featuredmedia":[{"embeddable":true,"href":"http:\/\/www.cuadrabus.com\/eu\/wp-json\/wp\/v2\/media\/551"}],"wp:attachment":[{"href":"http:\/\/www.cuadrabus.com\/eu\/wp-json\/wp\/v2\/media?parent=19"}],"curies":[{"name":"wp","href":"https:\/\/api.w.org\/{rel}","templated":true}]}}

<h1 class="page-title"><span>Una moderna flota de vehículos</span></h1>
<p><strong>Somos especialistas en la gestión completa de grandes eventos, coordinación y personal auxiliar en transportes por carretera. Además, nuestra flota de autobuses está adaptada para el traslado de personas con movilidad reducida. Una parte muy importante de nuestro servicio son los vehículos que disponemos para poder garantizar dos principios básicos de nuestra empresa, seguridad y comodidad en el transporte de viajeros.</strong></p>
<div style="display:block;clear:both;margin-bottom:45px"></div>
<p><img decoding="async" src="http://www.cuadrabus.com/wp-content/uploads/2016/06/slide.png" alt="slide" width="50" class="aligncenter size-full wp-image-156" /><br />
<strong style="color:#3274ba">Una completa flota adaptada</strong></p>
<p><strong>Nuestra sede en Amurrio (Álava) y las naves en Vitoria-Gasteiz, Etxebarri, Llodio y Agurain-Salvatierra aglutinan nuestra amplia flota de vehículos que prestan servicio.</strong></p>
<p>Componiendo una flota, en su mayoría vehículos adaptados para personas de movilidad reducida, desde 7 a 60 plazas, en servicios regulares, y hasta 116 plazas en los autobuses urbanos que ofrecen servicio de lanzadera.</p>
<div style="display:block;clear:both;margin-bottom:45px"></div>
<p><img decoding="async" src="http://www.cuadrabus.com/wp-content/uploads/2016/06/bus.png" alt="bus" width="55" class="aligncenter size-full wp-image-138" /><br />
<strong style="color:#3274ba">Modelos y renovación constante</strong></p>
<p>La mayoría de nuestros autobuses y minibuses son de la marca Scania y Mercedes con carrocería de Irizar y Sunsundegui principalmente, y en el caso de los vehículos pequeños con carrocería de Unvi y Carbus.</p>
<div style="display:block;clear:both;margin-bottom:45px"></div>
<p><img decoding="async" src="http://www.cuadrabus.com/wp-content/uploads/2016/06/seatbelt.png" alt="seatbelt" width="72" class="aligncenter size-full wp-image-139" /><br />
<strong style="color:#3274ba">Un equipamiento que asegura la comodidad y seguridad</strong></p>
<p>Todos nuestros vehículos disponen de aire acondicionado o climatizador, butaca reclinable, sistemas anti-vuelco, cinturones de seguridad individuales, vídeo o DVD, megafonía, teléfono móvil.

<p>Una moderna flota de vehículos Somos especialistas en la gestión completa de grandes eventos, coordinación y personal auxiliar en transportes por carretera. Además, nuestra flota de autobuses está adaptada para&#8230;</p>
